 -106. What is the highest common factor of p and y?
9
Let m be -2 + (-1 - -1 - 182). Let r = -124 - m. What is the highest common factor of 30 and r?
30
Let v(m) be the second derivative of -5*m**3/6 + m**2 + 3*m. Let k be v(-8). Calculate the highest common divisor of 14 and k.
14
Suppose 2*b + 2*x + 2 = 0, -3*b - 2 = -x - 19. Suppose 7 - 25 = -3*v. Suppose -2*d - 80 = -v*d. What is the greatest common divisor of b and d?
4
Let a be (-2 - -1 - -45) + 0. Let n = 6 - 1. Suppose -4*v - 4 = 0, -10 + 32 = n*h - 2*v. Calculate the greatest common factor of h and a.
4
Let d be (-74)/(-9) - (-4)/(-18). Suppose 4*v - a = 6*v - 14, 2*a = -3*v + 20. What is the highest common factor of v and d?
8
Let u = 8 - 7. Suppose -5 = -n + u. What is the greatest common divisor of n and 42?
6
Let b = 15 - 12. Suppose b*a - 26 = -i, a - 11 = -2*a + 2*i. What is the greatest common divisor of 21 and a?
7
Let s be (9/(-2))/(5/(-370)). Calculate the greatest common divisor of s and 37.
37
Let j = -105 + 107. What is the greatest common divisor of 2 and j?
2
Let b = -1 + 16. What is the highest common factor of 120 and b?
15
Let x = -6 + 8. Calculate the highest common divisor of x and 8.
2
Let v(c) be the third derivative of c**5/60 + c**4/6 + 2*c**3/3 + 3*c**2. Let p be v(10). What is the highest common divisor of p and 16?
16
Let p = -4 - -5. Let y be (1 - (0 + 1))/p. Suppose 4*t - 24 = -y*t. Calculate the greatest common divisor of 9 and t.
3
Let l = -2 + -4. Let b be 1/(-1) - l/(-2). Let x be (4/b)/((-1)/4). Calculate the greatest common divisor of x and 1.
1
Suppose -3*w = -5*a + 1616, 1849 = 4*a + 5*w + 571. What is the greatest common factor of 46 and a?
46
Let h be 18/4*(-2)/(-3). Suppose -3*l + 16 = -4*v, -4*l + 5*v + 38 = h*v. Calculate the highest common factor of l and 3.
3
Let j be 0 - (0 - 15/5). What is the highest common divisor of 3 and j?
3
Suppose -4*z + 0 + 16 = 0. Calculate the greatest common divisor of z and 28.
4
Suppose -112 - 308 = -7*i. Let l be (-116)/(-8) - 1/(-2). Calculate the greatest common factor of l and i.
15
Suppose 4*b + 578 = 5*y, 2*y + 5*b - 242 = -24. What is the highest common factor of y and 6?
6
Let a(h) = 3*h**2 + 9*h + 9. Let z be a(-6). Calculate the greatest common factor of z and 9.
9
Let r = -7 + 10. Suppose n = 4*w - 132, -5*w = -r*w + n - 60. What is the greatest common factor of 4 and w?
4
Let j(f) = 5*f**2 - 3*f + 4. Let v be j(3). Let t be 8/(-36) + v/18. Let c(g) = g**2 - 2*g + 2. Let x be c(2). Calculate the highest common factor of t and x.
2
Suppose -2*y - 6 = 0, -3*y - y = 5*c - 438. Let k be 1/(183/c - 2). Calculate the highest common divisor of k and 10.
10
Let x be 3 + -2 - (-5 + 2). What is the highest common factor of x and 2?
2
Suppose 5*t + o = -3*o + 62, 5*t = 3*o + 76. Calculate the greatest common divisor of t and 140.
14
Let d be (2 - (-6)/9)*15. Calculate the greatest common divisor of 10 and d.
10
Let o(a) = -a**3 - 8*a**2 - 13*a + 6. Let v be o(-6). What is the highest common divisor of 12 and v?
12
Let c(l) = l**3 - 6*l**2 + 4*l - 6. Let r be c(6). Suppose 0 = -2*k - 2*k - 8. Let n be 29 - (-2 - 2*k). What is the greatest common factor of n and r?
9
Suppose 2*h + 15 = 85. Let b be h + -3 + (-1)/(-1). Calculate the highest common divisor of 3 and b.
3
Suppose -4*j - 26 = -2*k - 5*j, -26 = -2*k - 5*j. What is the highest common divisor of 169 and k?
13
Suppose 0 = -17*i + 1643 + 754. Calculate the greatest common divisor of 94 and i.
47
Let l be (-2 + 1)/(1/(-152)). Let c be -1*(-4)/6*285/10. What is the highest common factor of c and l?
19
Suppose 3*s = -4*p + 2377, 5*p - 2977 = -2*s + 4*s. Suppose 2*l - p = -3*l. Calculate the greatest common divisor of 17 and l.
17
Let t = 78 + 110. Suppose 0 = -5*j + 37 + t. Calculate the greatest common divisor of 15 and j.
15
Suppose -5*h + 466 = -29. Suppose 0 = -8*i + 3*i + 15, i = 3*f - 24. Calculate the highest common factor of h and f.
9
Suppose 89 = 6*z - 151. Let p be 6 + (-4*1)/(-2). What is the highest common factor of z and p?
8
Let n = 77 + 11. Let l(b) = -b + 5. Suppose -45 = 5*u - 5*d, 2*u + 2*u = 5*d - 39. Let y be l(u). What is the greatest common divisor of y and n?
11
Let x(b) = b**3 + 5*b**2 - 7*b + 1. Let f be x(-5). Calculate the greatest common divisor of 180 and f.
36
Suppose 5*q + 864 = 23*q. What is the greatest common divisor of 72 and q?
24
Suppose 0 = 3*m - 2*h + 3*h - 17, 0 = 5*m + 2*h - 28. Suppose 11 = 3*q - 187. What is the highest common factor of m and q?
6
Let r = 2 + 5. Suppose c - r = -2*m, -4*c - 5*m + 31 = -0*m. Calculate the greatest common divisor of c and 81.
9
Suppose 4*p - 17 = 39. Calculate the highest common divisor of 35 and p.
7
Let l = -109 - -285. Calculate the greatest common factor of 16 and l.
16
Suppose 5*b + 0*b - 17 = 3*x, 14 = 3*b + 2*x. Calculate the greatest common divisor of 44 and b.
4
Let j = -1 - -28. What is the highest common factor of 3 and j?
3
Suppose 27 = -u + 75. Suppose -d + 0*d + 4 = 0. Suppose q - d - 2 = 0. What is the greatest common factor of q and u?
6
Suppose 498 - 72 = 2*u. Suppose 0 = -3*b + 2*h + u, 0 = -4*b + 2*h + 269 + 13. Let y = b - 49. Calculate the greatest common divisor of y and 80.
20
Let f = 42 + 6. Suppose 0*o + 3*o - f = 0. Let a(m) = -m**3 - m**2 + 16. Let k be a(0). Calculate the greatest common divisor of o and k.
16
Let x(n) = -2*n + 0*n - 3 + 3*n. Let d be x(6). Let a be (-48)/(-21) + (-2)/7. What is the highest common factor of a and d?
1
Suppose 0 = -5*j + 2*w + 63, -5*w + 21 = 4*j - 3. Let n(g) = -3 + 7*g**2 + g**3 + 4 + 2*g**2. Let b be n(-7). What is the greatest common divisor of j and b?
11
Let o(s) = -s - 1 + 0*s + 6. Suppose 5*a - 24 = 2*q, 29 = -3*q - 0*a + 4*a. Let x be o(q). What is the highest common factor of x and 4?
4
Let h = 46 + -29. What is the greatest common factor of 85 and h?
17
Suppose -75*x - 200 = -80*x. Calculate the greatest common divisor of 30 and x.
10
Suppose -6*j + 12 = -4*j. Let q = j + 5. What is the highest common divisor of q and 11?
11
Suppose -3*w - 5*d = -27, 2*w - 2*d = 3*w - 9. What is the highest common factor of 72 and w?
9
Let s(g) = -g**3 - 4*g**2 + 4*g + 4. Let x be s(-6). What is the highest common factor of x and 78?
26
Let w = -87 - -141. Suppose -27 = -3*i - 4*a, -2*i - 4*a = -6*i + 36. Calculate the highest common divisor of w and i.
9
Suppose 0 = -2*b + 4*j - 28, -4*b = -2*b + 3*j. Let q be -2 - 3/(b/88). Let n be (24/(-60))/((-2)/70). Calculate the greatest common factor of q and n.
14
Let i = 4 + -8. Let g = 7 + i. Calculate the highest common divisor of g and 3.
3
Let p = -73 - -102. Let c = p + -19. What is the highest common divisor of c and 10?
10
Let t(p) = -p**2 - 12*p - 9. Let d be t(-7). What is the greatest common factor of 13 and d?
13
Suppose 7*v = 15 + 6. Let w be 0 + 33 - (1 + -1). Calculate the highest common divisor of v and w.
3
Let q(j) = -47*j + 2. Let m be q(-3). Suppose 0 = -3*g - v + 76, 5*g - 140 = -0*g + v. Suppose 3*f = g + 12. Calculate the highest common factor of f and m.
13
Let v = 62 + -18. Let x be -2 + (-1 - -1) + v. Let f = 15 + 48. What is the highest common factor of x and f?
21
Let n(k) be the first derivative of -k**4/4 + 7*k**3/3 + k**2/2 + 2*k + 4. Let o be n(7). Let d = o - -5. What is the highest common factor of d and 35?
7
Let v = 2 + -1. Let y = 4 - v. Let o = 11 - y. What is the highest common factor of o and 56?
8
Let o(r) = -r**2 - 16*r - 4. Let u be (2 - 1)*24/(-3). Let p be o(u). Let l be (-1)/(-2)*4 + 13. Calculate the greatest common divisor of p and l.
15
Let j = 69 - 67. What is the highest common divisor of 4 and j?
2
Let a be 1/(-3) + 32/6. Suppose 0 = -4*r + a*w + 250, 2*r + 2*r - w - 258 = 0. Calculate the highest common factor of r and 13.
13
Suppose 3*r = -3*r. Suppose -4*p - 20 = r, 0*o + 4*o - 36 = 4*p. What is the highest common divisor of 4 and o?
4
Suppose 9 = 3*f + 3. Suppose 2*w + 26 = 5*b + 4*w, -3*b + 27 = 5*w. Calculate the highest common divisor of f and b.
2
Suppose 0 = 2*l + 4. Let f be 12/10*(-15)/l. Calculate the highest common factor of f and 45.
9
Suppose 84 = 5*i - 96. Let l(s) = -s**3 + 3*s**2 + 7*s - 9. Let b be l(2). Calculate the highest common factor of i and b.
9
Let p = 23 - 17. Calculate the highest common divisor of p